omposite?
True
Is 22136383 prime?
False
Is 142355419 composite?
False
Is 46774225159 prime?
False
Is 2716225327 a composite number?
True
Is 10074091 prime?
True
Is 43321828189 composite?
False
Is 241129429 a composite number?
False
Is 2691282889 composite?
True
Is 18845521187 a composite number?
False
Is 568555123 prime?
False
Is 21615540799 composite?
True
Is 690047 prime?
False
Is 1332654383 composite?
True
Is 11591140541 composite?
False
Is 29547592691 prime?
False
Is 10000681961 a prime number?
True
Is 1985520137 prime?
True
Is 1357205071 a composite number?
False
Is 1247590871 prime?
True
Is 933375343 a prime number?
True
Is 18625549 a composite number?
False
Is 831937538 a prime number?
False
Is 93458623 a composite number?
False
Is 2171729249 a prime number?
False
Is 104532409 composite?
False
Is 27677076319 prime?
False
Is 14552155217 a composite number?
False
Is 7628057359 a prime number?
False
Is 26969542549 composite?
False
Is 15011110097 a composite number?
False
Is 1645124197 prime?
False
Is 3043397209 a composite number?
False
Is 12268447201 a composite number?
True
Is 4224901 composite?
False
Is 3469783699 composite?
False
Is 8292851497 composite?
True
Is 7140089731 a prime number?
True
Is 382626677 prime?
True
Is 718618207 prime?
False
Is 190527053 a prime number?
True
Is 344383843 composite?
False
Is 33452282573 prime?
False
Is 1771739129 prime?
True
Is 1933521619 a composite number?
False
Is 578680889 prime?
False
Is 3064097137 composite?
False
Is 15210685489 prime?
False
Is 2082115037 prime?
True
Is 11996085389 a composite number?
False
Is 122672083 composite?
False
Is 21985566429 a prime number?
False
Is 1070344273 a composite number?
False
Is 1036777939 composite?
False
Is 49311651553 a composite number?
False
Is 2213009159 a composite number?
False
Is 22809511 composite?
True
Is 761148643 a prime number?
True
Is 185928899293 prime?
True
Is 8175922306 a prime number?
False
Is 38792768303 composite?
True
Is 2798519027 composite?
False
Is 2974014831 a prime number?
False
Is 3822296473 prime?
False
Is 7191677759 a composite number?
True
Is 1345948717 composite?
True
Is 202933217 a prime number?
False
Is 94836091837 a composite number?
False
Is 2747874863 a prime number?
False
Is 21493406219 composite?
True
Is 610703701 prime?
False
Is 2589720361 composite?
True
Is 39601059 a composite number?
True
Is 142454849659 a prime number?
False
Is 584379833 a composite number?
True
Is 81531739 a prime number?
False
Is 3837408977 prime?
False
Is 3988780453 prime?
False
Is 56558261 prime?
False
Is 1501541233 a composite number?
False
Is 2741950787 composite?
False
Is 121384306139 composite?
True
Is 2406445333 a composite number?
True
Is 555266021 prime?
True
Is 66222181301 a prime number?
True
Is 66537848833 a composite number?
False
Is 30995798 a prime number?
False
Is 35407009 a prime number?
False
Is 35178042849 prime?
False
Is 1012592261 a composite number?
False
Is 3145770094 a prime number?
False
Is 7494336998 composite?
True
Is 1216065307 prime?
True
Is 12867093209 a prime number?
False
Is 1028462041 composite?
True
Is 1198935151 prime?
True
Is 604754257 a prime number?
True
Is 102408061 prime?
False
Is 30817951201 composite?
False
Is 1315533767 prime?
True
Is 856910419 a prime number?
True
Is 5180695139 composite?
True
Is 20562681409 a prime number?
True
Is 3070162651 prime?
False
Is 20605301641 composite?
False
Is 424053757 composite?
False
Is 460935983 prime?
True
Is 81308477 a composite number?
False
Is 31967038121 a composite number?
False
Is 1258286927 prime?
True
Is 20413472113 prime?
True
Is 2267744299 a composite number?
True
Is 1272987169 prime?
False
Is 234928289 a composite number?
True
Is 3489161627 prime?
False
Is 266072501 a composite number?
True
Is 353391837 prime?
False
Is 2047046663 a prime number?
False
Is 114601037 a composite number?
True
Is 25842965662 a composite number?
True
Is 4187802621 composite?
True
Is 9242779269 a prime number?
False
Is 40447572817 a composite number?
True
Is 879478069 a composite number?
False
Is 68544632477 prime?
False
Is 11259157489 prime?
True
Is 110875627 a composite number?
False
Is 956666807 a prime number?
False
Is 52759106293 a prime number?
True
Is 9663405029 a composite number?
False
Is 11525009401 composite?
True
Is 14807020357 prime?
True
Is 8629753829 a composite number?
True
Is 11541931949 a composite number?
False
Is 730570613 a composite number?
True
Is 2462356951 a prime number?
False
Is 93761921437 a prime number?
True
Is 8377655969 a composite number?
False
Is 53870154779 a prime number?
False
Is 39134183441 prime?
False
Is 113464818721 prime?
True
Is 1187996137 composite?
False
Is 948019157 a composite number?
False
Is 57707876659 composite?
True
Is 152271080831 composite?
False
Is 2035834733 a composite number?
False
Is 374765631 prime?
False
Is 453532369 composite?
False
Is 3917105809 a composite number?
False
Is 79088521 prime?
True
Is 4587719131 composite?
False
Is 567916429 composite?
True
Is 18546594685 composite?
True
Is 53221212971 a composite number?
True
Is 4460832697 a composite number?
False
Is 569366419 composite?
True
Is 303010493 a composite number?
True
Is 14445294781 a prime number?
False
Is 436904129 a composite number?
True
Is 148545989 prime?
False
Is 414076799 a composite number?
True
Is 1068149497 prime?
True
Is 523801351 a prime number?
False
Is 804036613 a prime number?
True
Is 40825741981 composite?
True
Is 83485769 prime?
True
Is 16622239 prime?
False
Is 113967552203 composite?
True
Is 128455861 a prime number?
False
Is 7948697047 prime?
True
Is 109161421919 composite?
True
Is 962737673 a composite number?
True
Is 2860903469 composite?
True
Is 312719863 a prime number?
False
Is 50818282127 a prime number?
True
Is 1953831923 composite?
False
Is 4061862841 prime?
True
Is 403030141 composite?
False
Is 1395116383 prime?
False
Is 1462883179 a prime number?
False
Is 64542357701 composite?
False
Is 25516190789 a prime number?
True
Is 531205149 prime?
False
Is 241530103 prime?
False
Is 4922416999 composite?
True
Is 7987037311 composite?
True
Is 74742799031 composite?
False
Is 646078417 composite?
False
Is 62300989 a composite number?
False
Is 2825764079 composite?
False
Is 10873476667 prime?
True
Is 11862186181 prime?
False
Is 197332976963 a prime number?
True
Is 2109313751 prime?
True
Is 12244344251 a composite number?
True
Is 839040427 a prime number?
True
Is 736867303 a prime number?
False
Is 73088403211 a prime number?
True
Is 155412643 a prime number?
False
Is 4086874249 prime?
True
Is 10950510745 a composite number?
True
Is 74013259 composite?
False
Is 53320893413 prime?
False
Is 36333361417 composite?
True
Is 228059104177 a composite number?
False
Is 1388873113 composite?
True
Is 1723121041 prime?
True
Is 131026963493 a prime number?
True
Is 8459418323 prime?
False
Is 934614907 a prime number?
False
Is 108232766417 composite?
True
Is 59604612959 composite?
True
Is 111037799933 composite?
False
Is 241513759 composite?
True
Is 69853145179 prime?
True
Is 396459293 composite?
False
Is 1054948539 prime?
False
Is 24513382979 composite?
False
Is 226181327 a composite number?
True
Is 3864248317 a prime number?
False
Is 1498956551 prime?
False
Is 126975944843 a prime number?
False
Is 9879420391 a prime number?
False
Is 55599890023 a prime number?
False
Is 484785121 a prime number?
True
Is 751172671 prime?
True
Is 118982330989 prime?
True
Is 5230106897 prime?
False
Is 377527063 prime?
True
Is 1823842486 composite?
True
Is 140694863 a composite number?
True
Is 69355061 a composite number?
True
Is 10254591163 composite?
False
Is 733031221 composite?
True
Is 3617047237 a prime number?
True
Is 66454351217 prime?
True
Is 143900251 a prime number?
False
Is 1018731929 prime?
False
Is 10445976545 prime?
False
Is 2988879301 a composite number?
False
Is 38188016467 prime?
True
Is 16650044339 composite?
False
Is 50127483547 prime?
True
Is 8303349071 composite?
True
Is 10791363409 a prime number?
True
Is 153411697 a prime number?
False
Is 26056477747 prime?
False
Is 30963495601 composite?
True
Is 44283476551 prime?
False
Is 13284814731 a composite number?
True
Is 60406050317 composite?
False
Is 63725042791 composite?
True
Is 2565553277 composite?
True
Is